{"id":3,"date":"2020-06-09T10:18:26","date_gmt":"2020-06-09T08:18:26","guid":{"rendered":"http:\/\/172.16.200.249\/dsstore\/?page_id=3"},"modified":"2021-05-10T10:25:58","modified_gmt":"2021-05-10T08:25:58","slug":"datenschutz","status":"publish","type":"page","link":"https:\/\/deinescheibe.com\/stores\/deadline54\/datenschutz\/","title":{"rendered":"Datenschutz"},"content":{"rendered":"\n<p>Wir verwenden die von Ihnen eingegebenen Daten nur, um Ihre Bestellung zu bearbeiten und Ihnen das Einkaufen zu erleichtern. Ihre pers\u00f6nlichen Daten werden nicht an Dritte weitergegeben und k\u00f6nnen von Ihnen jederzeit eingesehen und ge\u00e4ndert werden.<\/p>\n\n\n\n<p>Wenn die Daten von uns im Rahmen der zentralen Datenverarbeitung, zur Verbesserung des Kundenservice oder aus technischen Gr\u00fcnden verarbeitet werden, werden wir geeignete Ma\u00dfnahmen ergreifen, um sicherzustellen, dass Ihre Datenschutzrechte vollst\u00e4ndig gewahrt bleiben.<\/p>\n\n\n\n<p>Wenn wir die Nutzung unseres Online-Shops statistisch auswerten, werden die Daten so zusammengefasst, dass die einzelnen Personen nicht identifiziert werden k\u00f6nnen.<\/p>\n\n\n\n<p>Sicherheit \/ Verschl\u00fcsselung<br>Um Ihre pers\u00f6nlichen Daten vor unbefugtem Zugriff und Missbrauch zu sch\u00fctzen, haben wir umfangreiche technische und organisatorische Ma\u00dfnahmen auf dem neuesten Stand der Technik ergriffen. Dieser Shop verwendet die &#8222;Secure Socket Layer&#8220; -Technologie (SSL), um Kundendaten zu verschl\u00fcsseln. Die auf diese Weise \u00fcbermittelten Informationen k\u00f6nnen nicht von Dritten eingesehen werden.<\/p>\n\n\n\n<p>Cookies<br>Cookies erm\u00f6glichen Ihnen einen reibungslosen Kauf beim Besuch unserer Website. Ihr Browser speichert die Cookies nur w\u00e4hrend der aktuellen Sitzung auf der Festplatte, ben\u00f6tigt nur minimalen Speicherplatz und wirkt sich nicht auf Ihren Computer aus. Sie enthalten keine pers\u00f6nlichen Daten.<\/p>\n\n\n\n<p>Ihre Genehmigung<br>Die Nutzung unserer Website gilt als Zustimmung zur Speicherung<\/p>\n","protected":false},"excerpt":{"rendered":"<p>Wir verwenden die von Ihnen eingegebenen Daten nur, um Ihre Bestellung zu bearbeiten und Ihnen das Einkaufen zu erleichtern. Ihre pers\u00f6nlichen Daten werden nicht an Dritte weitergegeben und k\u00f6nnen von Ihnen jederzeit eingesehen und ge\u00e4ndert werden. Wenn die Daten von uns im Rahmen der zentralen Datenverarbeitung, zur Verbesserung des Kundenservice oder aus technischen Gr\u00fcnden verarbeitet [&hellip;]<\/p>\n","protected":false},"author":1,"featured_media":0,"parent":0,"menu_order":0,"comment_status":"closed","ping_status":"closed","template":"","meta":[],"_links":{"self":[{"href":"https:\/\/deinescheibe.com\/stores\/deadline54\/wp-json\/wp\/v2\/pages\/3"}],"collection":[{"href":"https:\/\/deinescheibe.com\/stores\/deadline54\/wp-json\/wp\/v2\/pages"}],"about":[{"href":"https:\/\/deinescheibe.com\/stores\/deadline54\/wp-json\/wp\/v2\/types\/page"}],"author":[{"embeddable":true,"href":"https:\/\/deinescheibe.com\/stores\/deadline54\/wp-json\/wp\/v2\/users\/1"}],"replies":[{"embeddable":true,"href":"https:\/\/deinescheibe.com\/stores\/deadline54\/wp-json\/wp\/v2\/comments?post=3"}],"version-history":[{"count":11,"href":"https:\/\/deinescheibe.com\/stores\/deadline54\/wp-json\/wp\/v2\/pages\/3\/revisions"}],"predecessor-version":[{"id":240,"href":"https:\/\/deinescheibe.com\/stores\/deadline54\/wp-json\/wp\/v2\/pages\/3\/revisions\/240"}],"wp:attachment":[{"href":"https:\/\/deinescheibe.com\/stores\/deadline54\/wp-json\/wp\/v2\/media?parent=3"}],"curies":[{"name":"wp","href":"https:\/\/api.w.org\/{rel}","templated":true}]}}